{"id":10,"date":"2023-12-24T09:55:02","date_gmt":"2023-12-24T06:55:02","guid":{"rendered":"https:\/\/www.atommak.com\/?page_id=10"},"modified":"2024-07-21T14:32:56","modified_gmt":"2024-07-21T11:32:56","slug":"about","status":"publish","type":"page","link":"https:\/\/www.atommak.com\/index.php\/about\/","title":{"rendered":"Hakk\u0131m\u0131zda"},"content":{"rendered":"\t\t<div data-elementor-type=\"wp-page\" data-elementor-id=\"10\" class=\"elementor elementor-10\" data-elementor-post-type=\"page\">\n\t\t\t\t<div class=\"elementor-element elementor-element-300d67b7 e-flex e-con-boxed e-con e-parent\" data-id=\"300d67b7\" data-element_type=\"container\" data-e-type=\"container\">\n\t\t\t\t\t<div class=\"e-con-inner\">\n\t\t\t\t<div class=\"elementor-element elementor-element-46db8d8c elementor-widget elementor-widget-text-editor\" data-id=\"46db8d8c\" data-element_type=\"widget\" data-e-type=\"widget\" data-widget_type=\"text-editor.default\">\n\t\t\t\t<div class=\"elementor-widget-container\">\n\t\t\t\t\t\t\t\t\t<p><div class=\"yoast-breadcrumbs\"><span><span><a href=\"https:\/\/www.atommak.com\/\">Anasayfa<\/a><\/span> \u00bb <span class=\"breadcrumb_last\" aria-current=\"page\">Hakk\u0131m\u0131zda<\/span><\/span><\/div><\/p>\n<p><\/p>\n<p>Siz de\u011ferli plastik \u00fcr\u00fcn \u00fcreticisi sanayicilerimizin y\u0131llard\u0131r \u00f6zellikle Tayvan men\u015feili esnek ambalaj hatlar\u0131 ile ilgili makine, servis ve yedek par\u00e7a ihtiya\u00e7lar\u0131n\u0131z i\u00e7in 7\/24 yan\u0131n\u0131zda olan bir ekibin kurdu\u011fu \u015firketimiz, d\u00fcnyan\u0131n torba kesim makineleri sat\u0131\u015f\u0131nda lider firmas\u0131 Tayvan&#8217;l\u0131&nbsp; Hemingstone Machinery Co. Ltd.&#8217;nin T\u00fcrkiye tek temsilcisidir. Hemingstone&#8217;un s\u0131f\u0131r torba kesim makineleri, garantili kurulum, servis ve orijinal yedek par\u00e7a hizmetleri sadece Atom Ambalaj Makinalar\u0131 Sanayi ve Ticaret Limited \u015eirketi taraf\u0131ndan verilmektedir. T\u00fcrkiye&#8217;de 2 bine yak\u0131n makinesi olan Hemingstone rakip makine acentalar\u0131n\u0131n dahi ilk tavsiye etti\u011fi kesim makineleri \u00fcreticisidir. Sizleri de bir Hemingstone sahibi yapabilmek i\u00e7in telefonunuzu bekliyoruz.<\/p>\n<p><strong>\u0130LKELER\u0130M\u0130Z<\/strong><\/p>\n<ul>\n<li>T\u00fcrkiye plastik sanayine;<br>+ kaliteli, <br>+ uygun fiyatl\u0131, <br>+ kesintisiz \u00e7al\u0131\u015facak,<br>+ kendisini k\u0131sa s\u00fcrede geri \u00f6deyen makineleri sa\u011flamak,<\/li>\n<li>D\u00fcr\u00fcstl\u00fck,<\/li>\n<li>M\u00fc\u015fteri odakl\u0131l\u0131k,<\/li>\n<li>H\u0131zl\u0131 ve kal\u0131c\u0131 \u00e7\u00f6z\u00fcmd\u00fcr.<\/li>\n<\/ul>\n<p><\/p>\t\t\t\t\t\t\t\t<\/div>\n\t\t\t\t<\/div>\n\t\t\t\t\t<\/div>\n\t\t\t\t<\/div>\t\t<\/div>\n\t\t","protected":false},"excerpt":{"rendered":"<p>Siz de\u011ferli plastik \u00fcr\u00fcn \u00fcreticisi sanayicilerimizin y\u0131llard\u0131r \u00f6zellikle Tayvan men\u015feili esnek ambalaj hatlar\u0131 ile ilgili makine, servis ve yedek par\u00e7a ihtiya\u00e7lar\u0131n\u0131z i\u00e7in 7\/24 yan\u0131n\u0131zda olan bir ekibin kurdu\u011fu \u015firketimiz, d\u00fcnyan\u0131n torba kesim makineleri sat\u0131\u015f\u0131nda lider firmas\u0131 Tayvan&#8217;l\u0131&nbsp; Hemingstone Machinery Co. Ltd.&#8217;nin T\u00fcrkiye tek temsilcisidir. Hemingstone&#8217;un s\u0131f\u0131r torba kesim makineleri, garantili kurulum, servis ve orijinal yedek [&hellip;]<\/p>\n","protected":false},"author":1,"featured_media":0,"parent":0,"menu_order":0,"comment_status":"closed","ping_status":"closed","template":"","meta":{"_acf_changed":false,"footnotes":""},"class_list":["post-10","page","type-page","status-publish","hentry"],"acf":[],"yoast_head":"<!-- This site is optimized with the Yoast SEO plugin v25.6 - https:\/\/yoast.com\/wordpress\/plugins\/seo\/ -->\n<title>Hakk\u0131m\u0131zda - Atom Ambalaj Makineleri Sanayi<\/title>\n<meta name=\"robots\" content=\"index, follow, max-snippet:-1, max-image-preview:large, max-video-preview:-1\" \/>\n<link rel=\"canonical\" href=\"https:\/\/www.atommak.com\/index.php\/about\/\" \/>\n<meta property=\"og:locale\" content=\"tr_TR\" \/>\n<meta property=\"og:type\" content=\"article\" \/>\n<meta property=\"og:title\" content=\"Hakk\u0131m\u0131zda - Atom Ambalaj Makineleri Sanayi\" \/>\n<meta property=\"og:description\" content=\"Siz de\u011ferli plastik \u00fcr\u00fcn \u00fcreticisi sanayicilerimizin y\u0131llard\u0131r \u00f6zellikle Tayvan men\u015feili esnek ambalaj hatlar\u0131 ile ilgili makine, servis ve yedek par\u00e7a ihtiya\u00e7lar\u0131n\u0131z i\u00e7in 7\/24 yan\u0131n\u0131zda olan bir ekibin kurdu\u011fu \u015firketimiz, d\u00fcnyan\u0131n torba kesim makineleri sat\u0131\u015f\u0131nda lider firmas\u0131 Tayvan&#8217;l\u0131&nbsp; Hemingstone Machinery Co. Ltd.&#8217;nin T\u00fcrkiye tek temsilcisidir. Hemingstone&#8217;un s\u0131f\u0131r torba kesim makineleri, garantili kurulum, servis ve orijinal yedek [&hellip;]\" \/>\n<meta property=\"og:url\" content=\"https:\/\/www.atommak.com\/index.php\/about\/\" \/>\n<meta property=\"og:site_name\" content=\"Atom Ambalaj Makineleri Sanayi\" \/>\n<meta property=\"article:modified_time\" content=\"2024-07-21T11:32:56+00:00\" \/>\n<meta name=\"twitter:card\" content=\"summary_large_image\" \/>\n<meta name=\"twitter:label1\" content=\"Tahmini okuma s\u00fcresi\" \/>\n\t<meta name=\"twitter:data1\" content=\"1 dakika\" \/>\n<script type=\"application\/ld+json\" class=\"yoast-schema-graph\">{\"@context\":\"https:\/\/schema.org\",\"@graph\":[{\"@type\":\"WebPage\",\"@id\":\"https:\/\/www.atommak.com\/index.php\/about\/\",\"url\":\"https:\/\/www.atommak.com\/index.php\/about\/\",\"name\":\"Hakk\u0131m\u0131zda - Atom Ambalaj Makineleri Sanayi\",\"isPartOf\":{\"@id\":\"https:\/\/www.atommak.com\/#website\"},\"datePublished\":\"2023-12-24T06:55:02+00:00\",\"dateModified\":\"2024-07-21T11:32:56+00:00\",\"breadcrumb\":{\"@id\":\"https:\/\/www.atommak.com\/index.php\/about\/#breadcrumb\"},\"inLanguage\":\"tr\",\"potentialAction\":[{\"@type\":\"ReadAction\",\"target\":[\"https:\/\/www.atommak.com\/index.php\/about\/\"]}]},{\"@type\":\"BreadcrumbList\",\"@id\":\"https:\/\/www.atommak.com\/index.php\/about\/#breadcrumb\",\"itemListElement\":[{\"@type\":\"ListItem\",\"position\":1,\"name\":\"Anasayfa\",\"item\":\"https:\/\/www.atommak.com\/\"},{\"@type\":\"ListItem\",\"position\":2,\"name\":\"Hakk\u0131m\u0131zda\"}]},{\"@type\":\"WebSite\",\"@id\":\"https:\/\/www.atommak.com\/#website\",\"url\":\"https:\/\/www.atommak.com\/\",\"name\":\"Atom Makine\",\"description\":\"Makinelerde G&uuml;ven\",\"publisher\":{\"@id\":\"https:\/\/www.atommak.com\/#organization\"},\"potentialAction\":[{\"@type\":\"SearchAction\",\"target\":{\"@type\":\"EntryPoint\",\"urlTemplate\":\"https:\/\/www.atommak.com\/?s={search_term_string}\"},\"query-input\":{\"@type\":\"PropertyValueSpecification\",\"valueRequired\":true,\"valueName\":\"search_term_string\"}}],\"inLanguage\":\"tr\"},{\"@type\":\"Organization\",\"@id\":\"https:\/\/www.atommak.com\/#organization\",\"name\":\"Atom Makine\",\"url\":\"https:\/\/www.atommak.com\/\",\"logo\":{\"@type\":\"ImageObject\",\"inLanguage\":\"tr\",\"@id\":\"https:\/\/www.atommak.com\/#\/schema\/logo\/image\/\",\"url\":\"https:\/\/www.atommak.com\/wp-content\/uploads\/2024\/01\/ATOM-LOGO-VEKTOREL.jpg\",\"contentUrl\":\"https:\/\/www.atommak.com\/wp-content\/uploads\/2024\/01\/ATOM-LOGO-VEKTOREL.jpg\",\"width\":2119,\"height\":1138,\"caption\":\"Atom Makine\"},\"image\":{\"@id\":\"https:\/\/www.atommak.com\/#\/schema\/logo\/image\/\"}}]}<\/script>\n<!-- \/ Yoast SEO plugin. -->","yoast_head_json":{"title":"Hakk\u0131m\u0131zda - Atom Ambalaj Makineleri Sanayi","robots":{"index":"index","follow":"follow","max-snippet":"max-snippet:-1","max-image-preview":"max-image-preview:large","max-video-preview":"max-video-preview:-1"},"canonical":"https:\/\/www.atommak.com\/index.php\/about\/","og_locale":"tr_TR","og_type":"article","og_title":"Hakk\u0131m\u0131zda - Atom Ambalaj Makineleri Sanayi","og_description":"Siz de\u011ferli plastik \u00fcr\u00fcn \u00fcreticisi sanayicilerimizin y\u0131llard\u0131r \u00f6zellikle Tayvan men\u015feili esnek ambalaj hatlar\u0131 ile ilgili makine, servis ve yedek par\u00e7a ihtiya\u00e7lar\u0131n\u0131z i\u00e7in 7\/24 yan\u0131n\u0131zda olan bir ekibin kurdu\u011fu \u015firketimiz, d\u00fcnyan\u0131n torba kesim makineleri sat\u0131\u015f\u0131nda lider firmas\u0131 Tayvan&#8217;l\u0131&nbsp; Hemingstone Machinery Co. Ltd.&#8217;nin T\u00fcrkiye tek temsilcisidir. Hemingstone&#8217;un s\u0131f\u0131r torba kesim makineleri, garantili kurulum, servis ve orijinal yedek [&hellip;]","og_url":"https:\/\/www.atommak.com\/index.php\/about\/","og_site_name":"Atom Ambalaj Makineleri Sanayi","article_modified_time":"2024-07-21T11:32:56+00:00","twitter_card":"summary_large_image","twitter_misc":{"Tahmini okuma s\u00fcresi":"1 dakika"},"schema":{"@context":"https:\/\/schema.org","@graph":[{"@type":"WebPage","@id":"https:\/\/www.atommak.com\/index.php\/about\/","url":"https:\/\/www.atommak.com\/index.php\/about\/","name":"Hakk\u0131m\u0131zda - Atom Ambalaj Makineleri Sanayi","isPartOf":{"@id":"https:\/\/www.atommak.com\/#website"},"datePublished":"2023-12-24T06:55:02+00:00","dateModified":"2024-07-21T11:32:56+00:00","breadcrumb":{"@id":"https:\/\/www.atommak.com\/index.php\/about\/#breadcrumb"},"inLanguage":"tr","potentialAction":[{"@type":"ReadAction","target":["https:\/\/www.atommak.com\/index.php\/about\/"]}]},{"@type":"BreadcrumbList","@id":"https:\/\/www.atommak.com\/index.php\/about\/#breadcrumb","itemListElement":[{"@type":"ListItem","position":1,"name":"Anasayfa","item":"https:\/\/www.atommak.com\/"},{"@type":"ListItem","position":2,"name":"Hakk\u0131m\u0131zda"}]},{"@type":"WebSite","@id":"https:\/\/www.atommak.com\/#website","url":"https:\/\/www.atommak.com\/","name":"Atom Makine","description":"Makinelerde G&uuml;ven","publisher":{"@id":"https:\/\/www.atommak.com\/#organization"},"potentialAction":[{"@type":"SearchAction","target":{"@type":"EntryPoint","urlTemplate":"https:\/\/www.atommak.com\/?s={search_term_string}"},"query-input":{"@type":"PropertyValueSpecification","valueRequired":true,"valueName":"search_term_string"}}],"inLanguage":"tr"},{"@type":"Organization","@id":"https:\/\/www.atommak.com\/#organization","name":"Atom Makine","url":"https:\/\/www.atommak.com\/","logo":{"@type":"ImageObject","inLanguage":"tr","@id":"https:\/\/www.atommak.com\/#\/schema\/logo\/image\/","url":"https:\/\/www.atommak.com\/wp-content\/uploads\/2024\/01\/ATOM-LOGO-VEKTOREL.jpg","contentUrl":"https:\/\/www.atommak.com\/wp-content\/uploads\/2024\/01\/ATOM-LOGO-VEKTOREL.jpg","width":2119,"height":1138,"caption":"Atom Makine"},"image":{"@id":"https:\/\/www.atommak.com\/#\/schema\/logo\/image\/"}}]}},"featured_media_urls":[],"_links":{"self":[{"href":"https:\/\/www.atommak.com\/index.php\/wp-json\/wp\/v2\/pages\/10"}],"collection":[{"href":"https:\/\/www.atommak.com\/index.php\/wp-json\/wp\/v2\/pages"}],"about":[{"href":"https:\/\/www.atommak.com\/index.php\/wp-json\/wp\/v2\/types\/page"}],"author":[{"embeddable":true,"href":"https:\/\/www.atommak.com\/index.php\/wp-json\/wp\/v2\/users\/1"}],"replies":[{"embeddable":true,"href":"https:\/\/www.atommak.com\/index.php\/wp-json\/wp\/v2\/comments?post=10"}],"version-history":[{"count":19,"href":"https:\/\/www.atommak.com\/index.php\/wp-json\/wp\/v2\/pages\/10\/revisions"}],"predecessor-version":[{"id":1518,"href":"https:\/\/www.atommak.com\/index.php\/wp-json\/wp\/v2\/pages\/10\/revisions\/1518"}],"wp:attachment":[{"href":"https:\/\/www.atommak.com\/index.php\/wp-json\/wp\/v2\/media?parent=10"}],"curies":[{"name":"wp","href":"https:\/\/api.w.org\/{rel}","templated":true}]}}