{"id":1673,"date":"2024-07-25T00:30:36","date_gmt":"2024-07-24T21:30:36","guid":{"rendered":"https:\/\/www.atommak.com\/?page_id=1673"},"modified":"2024-07-30T23:41:56","modified_gmt":"2024-07-30T20:41:56","slug":"h-m-1000msril","status":"publish","type":"page","link":"https:\/\/www.atommak.com\/index.php\/h-m-1000msril\/","title":{"rendered":"HM-1000MSR+IL"},"content":{"rendered":"\t\t<div data-elementor-type=\"wp-page\" data-elementor-id=\"1673\" class=\"elementor elementor-1673\" data-elementor-post-type=\"page\">\n\t\t\t\t<div class=\"elementor-element elementor-element-fdcdc2a e-con-full e-flex e-con e-parent\" data-id=\"fdcdc2a\" data-element_type=\"container\" data-e-type=\"container\">\n\t\t\t\t<div class=\"elementor-element elementor-element-3fdfdbf elementor-widget__width-auto elementor-absolute elementor-widget elementor-widget-image\" data-id=\"3fdfdbf\" data-element_type=\"widget\" data-e-type=\"widget\" data-settings=\"{&quot;_position&quot;:&quot;absolute&quot;}\" data-widget_type=\"image.default\">\n\t\t\t\t<div class=\"elementor-widget-container\">\n\t\t\t\t\t\t\t\t\t\t\t\t<figure class=\"wp-caption\">\n\t\t\t\t\t\t\t\t\t\t<img fetchpriority=\"high\" decoding=\"async\" width=\"800\" height=\"202\" src=\"https:\/\/www.atommak.com\/wp-content\/uploads\/2024\/07\/MSRIL-URUN-FOTO-1024x259.jpg\" class=\"attachment-large size-large wp-image-1677\" alt=\"\" srcset=\"https:\/\/www.atommak.com\/wp-content\/uploads\/2024\/07\/MSRIL-URUN-FOTO-1024x259.jpg 1024w, https:\/\/www.atommak.com\/wp-content\/uploads\/2024\/07\/MSRIL-URUN-FOTO-300x76.jpg 300w, https:\/\/www.atommak.com\/wp-content\/uploads\/2024\/07\/MSRIL-URUN-FOTO-768x195.jpg 768w, https:\/\/www.atommak.com\/wp-content\/uploads\/2024\/07\/MSRIL-URUN-FOTO-600x152.jpg 600w, https:\/\/www.atommak.com\/wp-content\/uploads\/2024\/07\/MSRIL-URUN-FOTO.jpg 1109w\" sizes=\"(max-width: 800px) 100vw, 800px\" \/>\t\t\t\t\t\t\t\t\t\t\t<figcaption class=\"widget-image-caption wp-caption-text\">B\u00dcZG\u00dcL\u00dc \u00c7\u00d6P TORBALARI ................    PERFOREL\u0130 .......................   OVERLAPL\u0130 \/\u0130NTERL\u0130FL\u0130<\/figcaption>\n\t\t\t\t\t\t\t\t\t\t<\/figure>\n\t\t\t\t\t\t\t\t\t<\/div>\n\t\t\t\t<\/div>\n\t\t\t\t<\/div>\n\t\t<div class=\"elementor-element elementor-element-ddb2f02 e-flex e-con-boxed e-con e-parent\" data-id=\"ddb2f02\" data-element_type=\"container\" data-e-type=\"container\">\n\t\t\t\t\t<div class=\"e-con-inner\">\n\t\t\t\t<div class=\"elementor-element elementor-element-78226da elementor-widget elementor-widget-image\" data-id=\"78226da\" data-element_type=\"widget\" data-e-type=\"widget\" data-widget_type=\"image.default\">\n\t\t\t\t<div class=\"elementor-widget-container\">\n\t\t\t\t\t\t\t\t\t\t\t\t\t\t\t<img decoding=\"async\" width=\"800\" height=\"316\" src=\"https:\/\/www.atommak.com\/wp-content\/uploads\/2024\/07\/HM-1000MSRIL-BUYUK-1024x404.jpg\" class=\"attachment-large size-large wp-image-1678\" alt=\"\" srcset=\"https:\/\/www.atommak.com\/wp-content\/uploads\/2024\/07\/HM-1000MSRIL-BUYUK-1024x404.jpg 1024w, https:\/\/www.atommak.com\/wp-content\/uploads\/2024\/07\/HM-1000MSRIL-BUYUK-300x118.jpg 300w, https:\/\/www.atommak.com\/wp-content\/uploads\/2024\/07\/HM-1000MSRIL-BUYUK-768x303.jpg 768w, https:\/\/www.atommak.com\/wp-content\/uploads\/2024\/07\/HM-1000MSRIL-BUYUK-1536x606.jpg 1536w, https:\/\/www.atommak.com\/wp-content\/uploads\/2024\/07\/HM-1000MSRIL-BUYUK-2048x808.jpg 2048w, https:\/\/www.atommak.com\/wp-content\/uploads\/2024\/07\/HM-1000MSRIL-BUYUK-600x237.jpg 600w\" sizes=\"(max-width: 800px) 100vw, 800px\" \/>\t\t\t\t\t\t\t\t\t\t\t\t\t\t\t<\/div>\n\t\t\t\t<\/div>\n\t\t\t\t<div class=\"elementor-element elementor-element-7f6e53b elementor-widget elementor-widget-text-editor\" data-id=\"7f6e53b\" data-element_type=\"widget\" data-e-type=\"widget\" data-widget_type=\"text-editor.default\">\n\t\t\t\t<div class=\"elementor-widget-container\">\n\t\t\t\t\t\t\t\t\t<p><span style=\"text-decoration: underline;\">\u00d6ZELL\u0130KLER<\/span><\/p><ul><li>Bu \u00e7ok fonksiyonlu makine, rulo halinde hem b\u00fczg\u00fcl\u00fc \u00e7\u00f6p torbas\u0131 hem de alt kaynakl\u0131 torbalar \u00fcretebilir.<\/li><li>B\u00fczg\u00fcl\u00fc rulo \u00e7\u00f6p torbas\u0131 \u00fcretmek i\u00e7in tasarlanm\u0131\u015f y\u00fcksek h\u0131zl\u0131 servo tahrikli sistem.<\/li><li>Servo tahrikli Var-Gel sistemi, film beslemeyi yava\u015flatmadan veya durdurmadan kaynak i\u00e7in anl\u0131k bekleme s\u00fcresi yarat\u0131r.<\/li><li>Kullan\u0131c\u0131 dostu dokunmatik ekran kontrol sistemi<\/li><li>Opsiyonel: otomatik etiketleme makinesi, \u00e7iller \u00fcnitesi<\/li><\/ul>\t\t\t\t\t\t\t\t<\/div>\n\t\t\t\t<\/div>\n\t\t\t\t<div class=\"elementor-element elementor-element-e625928 elementor-widget elementor-widget-text-editor\" data-id=\"e625928\" data-element_type=\"widget\" data-e-type=\"widget\" data-widget_type=\"text-editor.default\">\n\t\t\t\t<div class=\"elementor-widget-container\">\n\t\t\t\t\t\t\t\t\t<p>\u00d6ZELL\u0130KLER<strong> :<\/strong><\/p><table><tbody><tr><td colspan=\"3\" width=\"235\"><strong>Model<\/strong><\/td><td width=\"255\"><strong>HM-1000MSR+IL<\/strong><\/td><td width=\"255\"><strong>HM-1010MSR+IL<\/strong><\/td><td width=\"255\"><strong>HM-1250MSR+IL<\/strong><\/td><\/tr><tr><td rowspan=\"7\" width=\"235\">Torba Kaynak Boyutu<\/td><td colspan=\"2\" width=\"255\">Film \u00c7\u00f6zg\u00fc Geni\u015fli\u011fi (mm)<\/td><td width=\"255\">960<\/td><td width=\"255\">960<\/td><td width=\"255\">1160<\/td><\/tr><tr><td colspan=\"2\" width=\"255\">Film Bobin \u00c7ap\u0131 (mm)<\/td><td width=\"255\">800<\/td><td width=\"255\">800<\/td><td width=\"255\">800<\/td><\/tr><tr><td rowspan=\"2\" width=\"255\">Po\u015fet Boyutu<\/td><td width=\"255\">Geni\u015flik (mm)<\/td><td width=\"255\">Max. 1000<\/td><td width=\"255\">Max. 1000<\/td><td width=\"255\">Max. 1000<\/td><\/tr><tr><td width=\"255\">Uzunluk (mm)<\/td><td width=\"255\">Max. 900<\/td><td width=\"255\">Max. 900<\/td><td width=\"255\">Max. 1100<\/td><\/tr><tr><td colspan=\"2\" width=\"255\">\u00dcretim H\u0131z\u0131 (adet\/dak.)<\/td><td width=\"255\">Max. 330<\/td><td width=\"255\">Max. 380<\/td><td width=\"255\">Max. 300<\/td><\/tr><tr><td colspan=\"2\" width=\"255\">Film Kal\u0131nl\u0131\u011f\u0131 (tek kat)<\/td><td width=\"255\">LD\/LLDPE &#8211; 0.02-0.045MM<br \/>HDPE \u2013 0.015-0.035MM<\/td><td width=\"255\">LD\/LLDPE &#8211; 0.02-0.045MM<br \/>HDPE \u2013 0.015-0.035MM<\/td><td width=\"255\">LD\/LLDPE &#8211; 0.02-0.045MM<br \/>HDPE \u2013 0.015-0.035MM<\/td><\/tr><tr><td colspan=\"2\" width=\"255\">Dakikadaki Torba Rulo Say\u0131s\u0131<\/td><td width=\"255\">Max. 18<\/td><td width=\"255\">Max. 18<\/td><td width=\"255\">Max. 18<\/td><\/tr><tr><td rowspan=\"4\" width=\"235\">\u00dcr\u00fcn Torba \u00d6zellikleri<\/td><td colspan=\"2\" width=\"255\">B\u00fczg\u00fc Band\u0131 Geni\u015fli\u011fi (mm)<\/td><td width=\"255\">100<\/td><td width=\"255\">100<\/td><td width=\"255\">100<\/td><\/tr><tr><td colspan=\"2\" width=\"255\">B\u00fczg\u00fc Bant Bobin \u00c7ap\u0131 (mm)<\/td><td width=\"255\">600<\/td><td width=\"255\">600<\/td><td width=\"255\">600<\/td><\/tr><tr><td rowspan=\"2\" width=\"255\">Masuras\u0131z<\/td><td width=\"255\">Rulo Geni\u015fli\u011fi (mm)<\/td><td width=\"255\">300<\/td><td width=\"255\">300<\/td><td width=\"255\">300<\/td><\/tr><tr><td width=\"255\">Rulo \u00c7ap\u0131 (mm)<\/td><td width=\"255\">100<\/td><td width=\"255\">100<\/td><td width=\"255\">100<\/td><\/tr><tr><td colspan=\"3\" width=\"235\">Gerekli G\u00fc\u00e7<\/td><td width=\"255\">25<\/td><td width=\"255\">25<\/td><td width=\"255\">25<\/td><\/tr><tr><td rowspan=\"3\" width=\"235\">Makina Boyutlar\u0131<\/td><td colspan=\"2\" width=\"255\">\u00a0Boy (m)<\/td><td width=\"255\">14<\/td><td width=\"255\">14.5<\/td><td width=\"255\">14<\/td><\/tr><tr><td colspan=\"2\" width=\"255\">\u00a0Geni\u015flik (m)<\/td><td width=\"255\">2<\/td><td width=\"255\">2<\/td><td width=\"255\">2.4<\/td><\/tr><tr><td colspan=\"2\" width=\"255\">Y\u00fckseklik (m)<\/td><td width=\"255\">2<\/td><td width=\"255\">2<\/td><td width=\"255\">2<\/td><\/tr><\/tbody><\/table>\t\t\t\t\t\t\t\t<\/div>\n\t\t\t\t<\/div>\n\t\t\t\t\t<\/div>\n\t\t\t\t<\/div>\n\t\t\t\t<\/div>\n\t\t","protected":false},"excerpt":{"rendered":"<p>B\u00dcZG\u00dcL\u00dc \u00c7\u00d6P TORBALARI &#8230;&#8230;&#8230;&#8230;&#8230;. PERFOREL\u0130 &#8230;&#8230;&#8230;&#8230;&#8230;&#8230;&#8230;.. OVERLAPL\u0130 \/\u0130NTERL\u0130FL\u0130 \u00d6ZELL\u0130KLER Bu \u00e7ok fonksiyonlu makine, rulo halinde hem b\u00fczg\u00fcl\u00fc \u00e7\u00f6p torbas\u0131 hem de alt kaynakl\u0131 torbalar \u00fcretebilir. B\u00fczg\u00fcl\u00fc rulo \u00e7\u00f6p torbas\u0131 \u00fcretmek i\u00e7in tasarlanm\u0131\u015f y\u00fcksek h\u0131zl\u0131 servo tahrikli sistem. Servo tahrikli Var-Gel sistemi, film beslemeyi yava\u015flatmadan veya durdurmadan kaynak i\u00e7in anl\u0131k bekleme s\u00fcresi yarat\u0131r. Kullan\u0131c\u0131 dostu dokunmatik [&hellip;]<\/p>\n","protected":false},"author":1,"featured_media":0,"parent":0,"menu_order":0,"comment_status":"closed","ping_status":"closed","template":"","meta":{"_acf_changed":false,"footnotes":""},"class_list":["post-1673","page","type-page","status-publish","hentry"],"acf":[],"yoast_head":"<!-- This site is optimized with the Yoast SEO plugin v25.6 - https:\/\/yoast.com\/wordpress\/plugins\/seo\/ -->\n<title>HM-1000MSR+IL - Atom Ambalaj Makineleri Sanayi<\/title>\n<meta name=\"robots\" content=\"index, follow, max-snippet:-1, max-image-preview:large, max-video-preview:-1\" \/>\n<link rel=\"canonical\" href=\"https:\/\/www.atommak.com\/index.php\/h-m-1000msril\/\" \/>\n<meta property=\"og:locale\" content=\"tr_TR\" \/>\n<meta property=\"og:type\" content=\"article\" \/>\n<meta property=\"og:title\" content=\"HM-1000MSR+IL - Atom Ambalaj Makineleri Sanayi\" \/>\n<meta property=\"og:description\" content=\"B\u00dcZG\u00dcL\u00dc \u00c7\u00d6P TORBALARI &#8230;&#8230;&#8230;&#8230;&#8230;. PERFOREL\u0130 &#8230;&#8230;&#8230;&#8230;&#8230;&#8230;&#8230;.. OVERLAPL\u0130 \/\u0130NTERL\u0130FL\u0130 \u00d6ZELL\u0130KLER Bu \u00e7ok fonksiyonlu makine, rulo halinde hem b\u00fczg\u00fcl\u00fc \u00e7\u00f6p torbas\u0131 hem de alt kaynakl\u0131 torbalar \u00fcretebilir. B\u00fczg\u00fcl\u00fc rulo \u00e7\u00f6p torbas\u0131 \u00fcretmek i\u00e7in tasarlanm\u0131\u015f y\u00fcksek h\u0131zl\u0131 servo tahrikli sistem. Servo tahrikli Var-Gel sistemi, film beslemeyi yava\u015flatmadan veya durdurmadan kaynak i\u00e7in anl\u0131k bekleme s\u00fcresi yarat\u0131r. Kullan\u0131c\u0131 dostu dokunmatik [&hellip;]\" \/>\n<meta property=\"og:url\" content=\"https:\/\/www.atommak.com\/index.php\/h-m-1000msril\/\" \/>\n<meta property=\"og:site_name\" content=\"Atom Ambalaj Makineleri Sanayi\" \/>\n<meta property=\"article:modified_time\" content=\"2024-07-30T20:41:56+00:00\" \/>\n<meta property=\"og:image\" content=\"https:\/\/www.atommak.com\/wp-content\/uploads\/2024\/07\/MSRIL-URUN-FOTO-1024x259.jpg\" \/>\n<meta name=\"twitter:card\" content=\"summary_large_image\" \/>\n<meta name=\"twitter:label1\" content=\"Tahmini okuma s\u00fcresi\" \/>\n\t<meta name=\"twitter:data1\" content=\"2 dakika\" \/>\n<script type=\"application\/ld+json\" class=\"yoast-schema-graph\">{\"@context\":\"https:\/\/schema.org\",\"@graph\":[{\"@type\":\"WebPage\",\"@id\":\"https:\/\/www.atommak.com\/index.php\/h-m-1000msril\/\",\"url\":\"https:\/\/www.atommak.com\/index.php\/h-m-1000msril\/\",\"name\":\"HM-1000MSR+IL - Atom Ambalaj Makineleri Sanayi\",\"isPartOf\":{\"@id\":\"https:\/\/www.atommak.com\/#website\"},\"primaryImageOfPage\":{\"@id\":\"https:\/\/www.atommak.com\/index.php\/h-m-1000msril\/#primaryimage\"},\"image\":{\"@id\":\"https:\/\/www.atommak.com\/index.php\/h-m-1000msril\/#primaryimage\"},\"thumbnailUrl\":\"https:\/\/www.atommak.com\/wp-content\/uploads\/2024\/07\/MSRIL-URUN-FOTO-1024x259.jpg\",\"datePublished\":\"2024-07-24T21:30:36+00:00\",\"dateModified\":\"2024-07-30T20:41:56+00:00\",\"breadcrumb\":{\"@id\":\"https:\/\/www.atommak.com\/index.php\/h-m-1000msril\/#breadcrumb\"},\"inLanguage\":\"tr\",\"potentialAction\":[{\"@type\":\"ReadAction\",\"target\":[\"https:\/\/www.atommak.com\/index.php\/h-m-1000msril\/\"]}]},{\"@type\":\"ImageObject\",\"inLanguage\":\"tr\",\"@id\":\"https:\/\/www.atommak.com\/index.php\/h-m-1000msril\/#primaryimage\",\"url\":\"https:\/\/www.atommak.com\/wp-content\/uploads\/2024\/07\/MSRIL-URUN-FOTO.jpg\",\"contentUrl\":\"https:\/\/www.atommak.com\/wp-content\/uploads\/2024\/07\/MSRIL-URUN-FOTO.jpg\",\"width\":1109,\"height\":281},{\"@type\":\"BreadcrumbList\",\"@id\":\"https:\/\/www.atommak.com\/index.php\/h-m-1000msril\/#breadcrumb\",\"itemListElement\":[{\"@type\":\"ListItem\",\"position\":1,\"name\":\"Anasayfa\",\"item\":\"https:\/\/www.atommak.com\/\"},{\"@type\":\"ListItem\",\"position\":2,\"name\":\"HM-1000MSR+IL\"}]},{\"@type\":\"WebSite\",\"@id\":\"https:\/\/www.atommak.com\/#website\",\"url\":\"https:\/\/www.atommak.com\/\",\"name\":\"Atom Makine\",\"description\":\"Makinelerde G&uuml;ven\",\"publisher\":{\"@id\":\"https:\/\/www.atommak.com\/#organization\"},\"potentialAction\":[{\"@type\":\"SearchAction\",\"target\":{\"@type\":\"EntryPoint\",\"urlTemplate\":\"https:\/\/www.atommak.com\/?s={search_term_string}\"},\"query-input\":{\"@type\":\"PropertyValueSpecification\",\"valueRequired\":true,\"valueName\":\"search_term_string\"}}],\"inLanguage\":\"tr\"},{\"@type\":\"Organization\",\"@id\":\"https:\/\/www.atommak.com\/#organization\",\"name\":\"Atom Makine\",\"url\":\"https:\/\/www.atommak.com\/\",\"logo\":{\"@type\":\"ImageObject\",\"inLanguage\":\"tr\",\"@id\":\"https:\/\/www.atommak.com\/#\/schema\/logo\/image\/\",\"url\":\"https:\/\/www.atommak.com\/wp-content\/uploads\/2024\/01\/ATOM-LOGO-VEKTOREL.jpg\",\"contentUrl\":\"https:\/\/www.atommak.com\/wp-content\/uploads\/2024\/01\/ATOM-LOGO-VEKTOREL.jpg\",\"width\":2119,\"height\":1138,\"caption\":\"Atom Makine\"},\"image\":{\"@id\":\"https:\/\/www.atommak.com\/#\/schema\/logo\/image\/\"}}]}<\/script>\n<!-- \/ Yoast SEO plugin. -->","yoast_head_json":{"title":"HM-1000MSR+IL - Atom Ambalaj Makineleri Sanayi","robots":{"index":"index","follow":"follow","max-snippet":"max-snippet:-1","max-image-preview":"max-image-preview:large","max-video-preview":"max-video-preview:-1"},"canonical":"https:\/\/www.atommak.com\/index.php\/h-m-1000msril\/","og_locale":"tr_TR","og_type":"article","og_title":"HM-1000MSR+IL - Atom Ambalaj Makineleri Sanayi","og_description":"B\u00dcZG\u00dcL\u00dc \u00c7\u00d6P TORBALARI &#8230;&#8230;&#8230;&#8230;&#8230;. PERFOREL\u0130 &#8230;&#8230;&#8230;&#8230;&#8230;&#8230;&#8230;.. OVERLAPL\u0130 \/\u0130NTERL\u0130FL\u0130 \u00d6ZELL\u0130KLER Bu \u00e7ok fonksiyonlu makine, rulo halinde hem b\u00fczg\u00fcl\u00fc \u00e7\u00f6p torbas\u0131 hem de alt kaynakl\u0131 torbalar \u00fcretebilir. B\u00fczg\u00fcl\u00fc rulo \u00e7\u00f6p torbas\u0131 \u00fcretmek i\u00e7in tasarlanm\u0131\u015f y\u00fcksek h\u0131zl\u0131 servo tahrikli sistem. Servo tahrikli Var-Gel sistemi, film beslemeyi yava\u015flatmadan veya durdurmadan kaynak i\u00e7in anl\u0131k bekleme s\u00fcresi yarat\u0131r. Kullan\u0131c\u0131 dostu dokunmatik [&hellip;]","og_url":"https:\/\/www.atommak.com\/index.php\/h-m-1000msril\/","og_site_name":"Atom Ambalaj Makineleri Sanayi","article_modified_time":"2024-07-30T20:41:56+00:00","og_image":[{"url":"https:\/\/www.atommak.com\/wp-content\/uploads\/2024\/07\/MSRIL-URUN-FOTO-1024x259.jpg","type":"","width":"","height":""}],"twitter_card":"summary_large_image","twitter_misc":{"Tahmini okuma s\u00fcresi":"2 dakika"},"schema":{"@context":"https:\/\/schema.org","@graph":[{"@type":"WebPage","@id":"https:\/\/www.atommak.com\/index.php\/h-m-1000msril\/","url":"https:\/\/www.atommak.com\/index.php\/h-m-1000msril\/","name":"HM-1000MSR+IL - Atom Ambalaj Makineleri Sanayi","isPartOf":{"@id":"https:\/\/www.atommak.com\/#website"},"primaryImageOfPage":{"@id":"https:\/\/www.atommak.com\/index.php\/h-m-1000msril\/#primaryimage"},"image":{"@id":"https:\/\/www.atommak.com\/index.php\/h-m-1000msril\/#primaryimage"},"thumbnailUrl":"https:\/\/www.atommak.com\/wp-content\/uploads\/2024\/07\/MSRIL-URUN-FOTO-1024x259.jpg","datePublished":"2024-07-24T21:30:36+00:00","dateModified":"2024-07-30T20:41:56+00:00","breadcrumb":{"@id":"https:\/\/www.atommak.com\/index.php\/h-m-1000msril\/#breadcrumb"},"inLanguage":"tr","potentialAction":[{"@type":"ReadAction","target":["https:\/\/www.atommak.com\/index.php\/h-m-1000msril\/"]}]},{"@type":"ImageObject","inLanguage":"tr","@id":"https:\/\/www.atommak.com\/index.php\/h-m-1000msril\/#primaryimage","url":"https:\/\/www.atommak.com\/wp-content\/uploads\/2024\/07\/MSRIL-URUN-FOTO.jpg","contentUrl":"https:\/\/www.atommak.com\/wp-content\/uploads\/2024\/07\/MSRIL-URUN-FOTO.jpg","width":1109,"height":281},{"@type":"BreadcrumbList","@id":"https:\/\/www.atommak.com\/index.php\/h-m-1000msril\/#breadcrumb","itemListElement":[{"@type":"ListItem","position":1,"name":"Anasayfa","item":"https:\/\/www.atommak.com\/"},{"@type":"ListItem","position":2,"name":"HM-1000MSR+IL"}]},{"@type":"WebSite","@id":"https:\/\/www.atommak.com\/#website","url":"https:\/\/www.atommak.com\/","name":"Atom Makine","description":"Makinelerde G&uuml;ven","publisher":{"@id":"https:\/\/www.atommak.com\/#organization"},"potentialAction":[{"@type":"SearchAction","target":{"@type":"EntryPoint","urlTemplate":"https:\/\/www.atommak.com\/?s={search_term_string}"},"query-input":{"@type":"PropertyValueSpecification","valueRequired":true,"valueName":"search_term_string"}}],"inLanguage":"tr"},{"@type":"Organization","@id":"https:\/\/www.atommak.com\/#organization","name":"Atom Makine","url":"https:\/\/www.atommak.com\/","logo":{"@type":"ImageObject","inLanguage":"tr","@id":"https:\/\/www.atommak.com\/#\/schema\/logo\/image\/","url":"https:\/\/www.atommak.com\/wp-content\/uploads\/2024\/01\/ATOM-LOGO-VEKTOREL.jpg","contentUrl":"https:\/\/www.atommak.com\/wp-content\/uploads\/2024\/01\/ATOM-LOGO-VEKTOREL.jpg","width":2119,"height":1138,"caption":"Atom Makine"},"image":{"@id":"https:\/\/www.atommak.com\/#\/schema\/logo\/image\/"}}]}},"featured_media_urls":[],"_links":{"self":[{"href":"https:\/\/www.atommak.com\/index.php\/wp-json\/wp\/v2\/pages\/1673"}],"collection":[{"href":"https:\/\/www.atommak.com\/index.php\/wp-json\/wp\/v2\/pages"}],"about":[{"href":"https:\/\/www.atommak.com\/index.php\/wp-json\/wp\/v2\/types\/page"}],"author":[{"embeddable":true,"href":"https:\/\/www.atommak.com\/index.php\/wp-json\/wp\/v2\/users\/1"}],"replies":[{"embeddable":true,"href":"https:\/\/www.atommak.com\/index.php\/wp-json\/wp\/v2\/comments?post=1673"}],"version-history":[{"count":16,"href":"https:\/\/www.atommak.com\/index.php\/wp-json\/wp\/v2\/pages\/1673\/revisions"}],"predecessor-version":[{"id":1753,"href":"https:\/\/www.atommak.com\/index.php\/wp-json\/wp\/v2\/pages\/1673\/revisions\/1753"}],"wp:attachment":[{"href":"https:\/\/www.atommak.com\/index.php\/wp-json\/wp\/v2\/media?parent=1673"}],"curies":[{"name":"wp","href":"https:\/\/api.w.org\/{rel}","templated":true}]}}