{"id":1793,"date":"2024-08-01T23:31:49","date_gmt":"2024-08-01T20:31:49","guid":{"rendered":"https:\/\/www.atommak.com\/?page_id=1793"},"modified":"2024-08-01T23:48:42","modified_gmt":"2024-08-01T20:48:42","slug":"hm-1100st3","status":"publish","type":"page","link":"https:\/\/www.atommak.com\/index.php\/hm-1100st3\/","title":{"rendered":"HM-1100ST3 (3 Hatl\u0131 S\u0131cak Dilimlemeli Atlet Po\u015fet Kesim Makinalar\u0131)"},"content":{"rendered":"\t\t<div data-elementor-type=\"wp-page\" data-elementor-id=\"1793\" class=\"elementor elementor-1793\" data-elementor-post-type=\"page\">\n\t\t\t\t<div class=\"elementor-element elementor-element-fed8428 e-flex e-con-boxed e-con e-parent\" data-id=\"fed8428\" data-element_type=\"container\" data-e-type=\"container\">\n\t\t\t\t\t<div class=\"e-con-inner\">\n\t\t\t\t<div class=\"elementor-element elementor-element-4845eab elementor-widget elementor-widget-image\" data-id=\"4845eab\" data-element_type=\"widget\" data-e-type=\"widget\" data-widget_type=\"image.default\">\n\t\t\t\t<div class=\"elementor-widget-container\">\n\t\t\t\t\t\t\t\t\t\t\t\t\t\t\t<img fetchpriority=\"high\" decoding=\"async\" width=\"261\" height=\"279\" src=\"https:\/\/www.atommak.com\/wp-content\/uploads\/2024\/07\/ST2-SERISI-URUN-FOTO.jpg\" class=\"attachment-large size-large wp-image-1756\" alt=\"\" \/>\t\t\t\t\t\t\t\t\t\t\t\t\t\t\t<\/div>\n\t\t\t\t<\/div>\n\t\t\t\t\t<\/div>\n\t\t\t\t<\/div>\n\t\t<div class=\"elementor-element elementor-element-9ef5b8e e-flex e-con-boxed e-con e-parent\" data-id=\"9ef5b8e\" data-element_type=\"container\" data-e-type=\"container\">\n\t\t\t\t\t<div class=\"e-con-inner\">\n\t\t\t\t<div class=\"elementor-element elementor-element-c7f0242 elementor-widget elementor-widget-image\" data-id=\"c7f0242\" data-element_type=\"widget\" data-e-type=\"widget\" data-widget_type=\"image.default\">\n\t\t\t\t<div class=\"elementor-widget-container\">\n\t\t\t\t\t\t\t\t\t\t\t\t\t\t\t<img decoding=\"async\" width=\"800\" height=\"390\" src=\"https:\/\/www.atommak.com\/wp-content\/uploads\/2024\/08\/ST3-3-HATLI-1024x499.jpg\" class=\"attachment-large size-large wp-image-1795\" alt=\"\" srcset=\"https:\/\/www.atommak.com\/wp-content\/uploads\/2024\/08\/ST3-3-HATLI-1024x499.jpg 1024w, https:\/\/www.atommak.com\/wp-content\/uploads\/2024\/08\/ST3-3-HATLI-300x146.jpg 300w, https:\/\/www.atommak.com\/wp-content\/uploads\/2024\/08\/ST3-3-HATLI-768x374.jpg 768w, https:\/\/www.atommak.com\/wp-content\/uploads\/2024\/08\/ST3-3-HATLI-1536x749.jpg 1536w, https:\/\/www.atommak.com\/wp-content\/uploads\/2024\/08\/ST3-3-HATLI-2048x998.jpg 2048w, https:\/\/www.atommak.com\/wp-content\/uploads\/2024\/08\/ST3-3-HATLI-600x292.jpg 600w\" sizes=\"(max-width: 800px) 100vw, 800px\" \/>\t\t\t\t\t\t\t\t\t\t\t\t\t\t\t<\/div>\n\t\t\t\t<\/div>\n\t\t\t\t\t<\/div>\n\t\t\t\t<\/div>\n\t\t<div class=\"elementor-element elementor-element-f3d62fe e-flex e-con-boxed e-con e-parent\" data-id=\"f3d62fe\" data-element_type=\"container\" data-e-type=\"container\">\n\t\t\t\t\t<div class=\"e-con-inner\">\n\t\t\t\t<div class=\"elementor-element elementor-element-6878a39 elementor-widget elementor-widget-text-editor\" data-id=\"6878a39\" data-element_type=\"widget\" data-e-type=\"widget\" data-widget_type=\"text-editor.default\">\n\t\t\t\t<div class=\"elementor-widget-container\">\n\t\t\t\t\t\t\t\t\t<p>\u00d6ZELL\u0130KLER :<\/p><ul><li>3 hatl\u0131 s\u0131cak dilimlemeli atlet po\u015fet kesim makinesi, tam otomatik \u00fcretim ve s\u00fcper y\u00fcksek h\u0131z.<\/li><li>Servo motorlu, kullan\u0131m\u0131 kolay \u00f6zel tasar\u0131m.<\/li><li>G\u00fcvenlik i\u00e7in otomatik durdurma sistemine sahip \u00e7oklu otomatik alarmlarla donat\u0131lm\u0131\u015ft\u0131r.<\/li><li>Ba\u011f\u0131ms\u0131z \u00fc\u00e7 hatl\u0131 s\u0131cakl\u0131k kontrol\u00fc.<\/li><li>Film rulosunun dengesini korumak i\u00e7in \u00e7oklu otomatik tansiyon (gerilim) kontroll\u00fcd\u00fcr.<\/li><li>\u00dcretimde y\u00fcksek verimlilik sa\u011flar.<\/li><li>\u00dcretkenli\u011fi art\u0131rmak i\u00e7in geli\u015ftirilmi\u015f otomatik tansiyon (gerilim) kontrol\u00fc.<\/li><li>Po\u015fet kaynak hatlar\u0131n\u0131n \u00fcst \u00fcste gelmesini ve yap\u0131\u015fmas\u0131n\u0131 \u00f6nlemek i\u00e7in \u00f6zel &#8220;Sallanma Sistemi&#8221; tasar\u0131m\u0131.<\/li><\/ul>\t\t\t\t\t\t\t\t<\/div>\n\t\t\t\t<\/div>\n\t\t\t\t\t<\/div>\n\t\t\t\t<\/div>\n\t\t\t\t<\/div>\n\t\t","protected":false},"excerpt":{"rendered":"<p>\u00d6ZELL\u0130KLER : 3 hatl\u0131 s\u0131cak dilimlemeli atlet po\u015fet kesim makinesi, tam otomatik \u00fcretim ve s\u00fcper y\u00fcksek h\u0131z. Servo motorlu, kullan\u0131m\u0131 kolay \u00f6zel tasar\u0131m. G\u00fcvenlik i\u00e7in otomatik durdurma sistemine sahip \u00e7oklu otomatik alarmlarla donat\u0131lm\u0131\u015ft\u0131r. Ba\u011f\u0131ms\u0131z \u00fc\u00e7 hatl\u0131 s\u0131cakl\u0131k kontrol\u00fc. Film rulosunun dengesini korumak i\u00e7in \u00e7oklu otomatik tansiyon (gerilim) kontroll\u00fcd\u00fcr. \u00dcretimde y\u00fcksek verimlilik sa\u011flar. \u00dcretkenli\u011fi art\u0131rmak i\u00e7in [&hellip;]<\/p>\n","protected":false},"author":1,"featured_media":0,"parent":0,"menu_order":0,"comment_status":"closed","ping_status":"closed","template":"","meta":{"_acf_changed":false,"footnotes":""},"class_list":["post-1793","page","type-page","status-publish","hentry"],"acf":[],"yoast_head":"<!-- This site is optimized with the Yoast SEO plugin v25.6 - https:\/\/yoast.com\/wordpress\/plugins\/seo\/ -->\n<title>HM-1100ST3 (3 Hatl\u0131 S\u0131cak Dilimlemeli Atlet Po\u015fet Kesim Makinalar\u0131) - Atom Ambalaj Makineleri Sanayi<\/title>\n<meta name=\"robots\" content=\"index, follow, max-snippet:-1, max-image-preview:large, max-video-preview:-1\" \/>\n<link rel=\"canonical\" href=\"https:\/\/www.atommak.com\/index.php\/hm-1100st3\/\" \/>\n<meta property=\"og:locale\" content=\"tr_TR\" \/>\n<meta property=\"og:type\" content=\"article\" \/>\n<meta property=\"og:title\" content=\"HM-1100ST3 (3 Hatl\u0131 S\u0131cak Dilimlemeli Atlet Po\u015fet Kesim Makinalar\u0131) - Atom Ambalaj Makineleri Sanayi\" \/>\n<meta property=\"og:description\" content=\"\u00d6ZELL\u0130KLER : 3 hatl\u0131 s\u0131cak dilimlemeli atlet po\u015fet kesim makinesi, tam otomatik \u00fcretim ve s\u00fcper y\u00fcksek h\u0131z. Servo motorlu, kullan\u0131m\u0131 kolay \u00f6zel tasar\u0131m. G\u00fcvenlik i\u00e7in otomatik durdurma sistemine sahip \u00e7oklu otomatik alarmlarla donat\u0131lm\u0131\u015ft\u0131r. Ba\u011f\u0131ms\u0131z \u00fc\u00e7 hatl\u0131 s\u0131cakl\u0131k kontrol\u00fc. Film rulosunun dengesini korumak i\u00e7in \u00e7oklu otomatik tansiyon (gerilim) kontroll\u00fcd\u00fcr. \u00dcretimde y\u00fcksek verimlilik sa\u011flar. \u00dcretkenli\u011fi art\u0131rmak i\u00e7in [&hellip;]\" \/>\n<meta property=\"og:url\" content=\"https:\/\/www.atommak.com\/index.php\/hm-1100st3\/\" \/>\n<meta property=\"og:site_name\" content=\"Atom Ambalaj Makineleri Sanayi\" \/>\n<meta property=\"article:modified_time\" content=\"2024-08-01T20:48:42+00:00\" \/>\n<meta property=\"og:image\" content=\"https:\/\/www.atommak.com\/wp-content\/uploads\/2024\/07\/ST2-SERISI-URUN-FOTO.jpg\" \/>\n<meta name=\"twitter:card\" content=\"summary_large_image\" \/>\n<meta name=\"twitter:label1\" content=\"Tahmini okuma s\u00fcresi\" \/>\n\t<meta name=\"twitter:data1\" content=\"1 dakika\" \/>\n<script type=\"application\/ld+json\" class=\"yoast-schema-graph\">{\"@context\":\"https:\/\/schema.org\",\"@graph\":[{\"@type\":\"WebPage\",\"@id\":\"https:\/\/www.atommak.com\/index.php\/hm-1100st3\/\",\"url\":\"https:\/\/www.atommak.com\/index.php\/hm-1100st3\/\",\"name\":\"HM-1100ST3 (3 Hatl\u0131 S\u0131cak Dilimlemeli Atlet Po\u015fet Kesim Makinalar\u0131) - Atom Ambalaj Makineleri Sanayi\",\"isPartOf\":{\"@id\":\"https:\/\/www.atommak.com\/#website\"},\"primaryImageOfPage\":{\"@id\":\"https:\/\/www.atommak.com\/index.php\/hm-1100st3\/#primaryimage\"},\"image\":{\"@id\":\"https:\/\/www.atommak.com\/index.php\/hm-1100st3\/#primaryimage\"},\"thumbnailUrl\":\"https:\/\/www.atommak.com\/wp-content\/uploads\/2024\/07\/ST2-SERISI-URUN-FOTO.jpg\",\"datePublished\":\"2024-08-01T20:31:49+00:00\",\"dateModified\":\"2024-08-01T20:48:42+00:00\",\"breadcrumb\":{\"@id\":\"https:\/\/www.atommak.com\/index.php\/hm-1100st3\/#breadcrumb\"},\"inLanguage\":\"tr\",\"potentialAction\":[{\"@type\":\"ReadAction\",\"target\":[\"https:\/\/www.atommak.com\/index.php\/hm-1100st3\/\"]}]},{\"@type\":\"ImageObject\",\"inLanguage\":\"tr\",\"@id\":\"https:\/\/www.atommak.com\/index.php\/hm-1100st3\/#primaryimage\",\"url\":\"https:\/\/www.atommak.com\/wp-content\/uploads\/2024\/07\/ST2-SERISI-URUN-FOTO.jpg\",\"contentUrl\":\"https:\/\/www.atommak.com\/wp-content\/uploads\/2024\/07\/ST2-SERISI-URUN-FOTO.jpg\",\"width\":261,\"height\":279},{\"@type\":\"BreadcrumbList\",\"@id\":\"https:\/\/www.atommak.com\/index.php\/hm-1100st3\/#breadcrumb\",\"itemListElement\":[{\"@type\":\"ListItem\",\"position\":1,\"name\":\"Anasayfa\",\"item\":\"https:\/\/www.atommak.com\/\"},{\"@type\":\"ListItem\",\"position\":2,\"name\":\"HM-1100ST3 (3 Hatl\u0131 S\u0131cak Dilimlemeli Atlet Po\u015fet Kesim Makinalar\u0131)\"}]},{\"@type\":\"WebSite\",\"@id\":\"https:\/\/www.atommak.com\/#website\",\"url\":\"https:\/\/www.atommak.com\/\",\"name\":\"Atom Makine\",\"description\":\"Makinelerde G&uuml;ven\",\"publisher\":{\"@id\":\"https:\/\/www.atommak.com\/#organization\"},\"potentialAction\":[{\"@type\":\"SearchAction\",\"target\":{\"@type\":\"EntryPoint\",\"urlTemplate\":\"https:\/\/www.atommak.com\/?s={search_term_string}\"},\"query-input\":{\"@type\":\"PropertyValueSpecification\",\"valueRequired\":true,\"valueName\":\"search_term_string\"}}],\"inLanguage\":\"tr\"},{\"@type\":\"Organization\",\"@id\":\"https:\/\/www.atommak.com\/#organization\",\"name\":\"Atom Makine\",\"url\":\"https:\/\/www.atommak.com\/\",\"logo\":{\"@type\":\"ImageObject\",\"inLanguage\":\"tr\",\"@id\":\"https:\/\/www.atommak.com\/#\/schema\/logo\/image\/\",\"url\":\"https:\/\/www.atommak.com\/wp-content\/uploads\/2024\/01\/ATOM-LOGO-VEKTOREL.jpg\",\"contentUrl\":\"https:\/\/www.atommak.com\/wp-content\/uploads\/2024\/01\/ATOM-LOGO-VEKTOREL.jpg\",\"width\":2119,\"height\":1138,\"caption\":\"Atom Makine\"},\"image\":{\"@id\":\"https:\/\/www.atommak.com\/#\/schema\/logo\/image\/\"}}]}<\/script>\n<!-- \/ Yoast SEO plugin. -->","yoast_head_json":{"title":"HM-1100ST3 (3 Hatl\u0131 S\u0131cak Dilimlemeli Atlet Po\u015fet Kesim Makinalar\u0131) - Atom Ambalaj Makineleri Sanayi","robots":{"index":"index","follow":"follow","max-snippet":"max-snippet:-1","max-image-preview":"max-image-preview:large","max-video-preview":"max-video-preview:-1"},"canonical":"https:\/\/www.atommak.com\/index.php\/hm-1100st3\/","og_locale":"tr_TR","og_type":"article","og_title":"HM-1100ST3 (3 Hatl\u0131 S\u0131cak Dilimlemeli Atlet Po\u015fet Kesim Makinalar\u0131) - Atom Ambalaj Makineleri Sanayi","og_description":"\u00d6ZELL\u0130KLER : 3 hatl\u0131 s\u0131cak dilimlemeli atlet po\u015fet kesim makinesi, tam otomatik \u00fcretim ve s\u00fcper y\u00fcksek h\u0131z. Servo motorlu, kullan\u0131m\u0131 kolay \u00f6zel tasar\u0131m. G\u00fcvenlik i\u00e7in otomatik durdurma sistemine sahip \u00e7oklu otomatik alarmlarla donat\u0131lm\u0131\u015ft\u0131r. Ba\u011f\u0131ms\u0131z \u00fc\u00e7 hatl\u0131 s\u0131cakl\u0131k kontrol\u00fc. Film rulosunun dengesini korumak i\u00e7in \u00e7oklu otomatik tansiyon (gerilim) kontroll\u00fcd\u00fcr. \u00dcretimde y\u00fcksek verimlilik sa\u011flar. \u00dcretkenli\u011fi art\u0131rmak i\u00e7in [&hellip;]","og_url":"https:\/\/www.atommak.com\/index.php\/hm-1100st3\/","og_site_name":"Atom Ambalaj Makineleri Sanayi","article_modified_time":"2024-08-01T20:48:42+00:00","og_image":[{"url":"https:\/\/www.atommak.com\/wp-content\/uploads\/2024\/07\/ST2-SERISI-URUN-FOTO.jpg","type":"","width":"","height":""}],"twitter_card":"summary_large_image","twitter_misc":{"Tahmini okuma s\u00fcresi":"1 dakika"},"schema":{"@context":"https:\/\/schema.org","@graph":[{"@type":"WebPage","@id":"https:\/\/www.atommak.com\/index.php\/hm-1100st3\/","url":"https:\/\/www.atommak.com\/index.php\/hm-1100st3\/","name":"HM-1100ST3 (3 Hatl\u0131 S\u0131cak Dilimlemeli Atlet Po\u015fet Kesim Makinalar\u0131) - Atom Ambalaj Makineleri Sanayi","isPartOf":{"@id":"https:\/\/www.atommak.com\/#website"},"primaryImageOfPage":{"@id":"https:\/\/www.atommak.com\/index.php\/hm-1100st3\/#primaryimage"},"image":{"@id":"https:\/\/www.atommak.com\/index.php\/hm-1100st3\/#primaryimage"},"thumbnailUrl":"https:\/\/www.atommak.com\/wp-content\/uploads\/2024\/07\/ST2-SERISI-URUN-FOTO.jpg","datePublished":"2024-08-01T20:31:49+00:00","dateModified":"2024-08-01T20:48:42+00:00","breadcrumb":{"@id":"https:\/\/www.atommak.com\/index.php\/hm-1100st3\/#breadcrumb"},"inLanguage":"tr","potentialAction":[{"@type":"ReadAction","target":["https:\/\/www.atommak.com\/index.php\/hm-1100st3\/"]}]},{"@type":"ImageObject","inLanguage":"tr","@id":"https:\/\/www.atommak.com\/index.php\/hm-1100st3\/#primaryimage","url":"https:\/\/www.atommak.com\/wp-content\/uploads\/2024\/07\/ST2-SERISI-URUN-FOTO.jpg","contentUrl":"https:\/\/www.atommak.com\/wp-content\/uploads\/2024\/07\/ST2-SERISI-URUN-FOTO.jpg","width":261,"height":279},{"@type":"BreadcrumbList","@id":"https:\/\/www.atommak.com\/index.php\/hm-1100st3\/#breadcrumb","itemListElement":[{"@type":"ListItem","position":1,"name":"Anasayfa","item":"https:\/\/www.atommak.com\/"},{"@type":"ListItem","position":2,"name":"HM-1100ST3 (3 Hatl\u0131 S\u0131cak Dilimlemeli Atlet Po\u015fet Kesim Makinalar\u0131)"}]},{"@type":"WebSite","@id":"https:\/\/www.atommak.com\/#website","url":"https:\/\/www.atommak.com\/","name":"Atom Makine","description":"Makinelerde G&uuml;ven","publisher":{"@id":"https:\/\/www.atommak.com\/#organization"},"potentialAction":[{"@type":"SearchAction","target":{"@type":"EntryPoint","urlTemplate":"https:\/\/www.atommak.com\/?s={search_term_string}"},"query-input":{"@type":"PropertyValueSpecification","valueRequired":true,"valueName":"search_term_string"}}],"inLanguage":"tr"},{"@type":"Organization","@id":"https:\/\/www.atommak.com\/#organization","name":"Atom Makine","url":"https:\/\/www.atommak.com\/","logo":{"@type":"ImageObject","inLanguage":"tr","@id":"https:\/\/www.atommak.com\/#\/schema\/logo\/image\/","url":"https:\/\/www.atommak.com\/wp-content\/uploads\/2024\/01\/ATOM-LOGO-VEKTOREL.jpg","contentUrl":"https:\/\/www.atommak.com\/wp-content\/uploads\/2024\/01\/ATOM-LOGO-VEKTOREL.jpg","width":2119,"height":1138,"caption":"Atom Makine"},"image":{"@id":"https:\/\/www.atommak.com\/#\/schema\/logo\/image\/"}}]}},"featured_media_urls":[],"_links":{"self":[{"href":"https:\/\/www.atommak.com\/index.php\/wp-json\/wp\/v2\/pages\/1793"}],"collection":[{"href":"https:\/\/www.atommak.com\/index.php\/wp-json\/wp\/v2\/pages"}],"about":[{"href":"https:\/\/www.atommak.com\/index.php\/wp-json\/wp\/v2\/types\/page"}],"author":[{"embeddable":true,"href":"https:\/\/www.atommak.com\/index.php\/wp-json\/wp\/v2\/users\/1"}],"replies":[{"embeddable":true,"href":"https:\/\/www.atommak.com\/index.php\/wp-json\/wp\/v2\/comments?post=1793"}],"version-history":[{"count":5,"href":"https:\/\/www.atommak.com\/index.php\/wp-json\/wp\/v2\/pages\/1793\/revisions"}],"predecessor-version":[{"id":1800,"href":"https:\/\/www.atommak.com\/index.php\/wp-json\/wp\/v2\/pages\/1793\/revisions\/1800"}],"wp:attachment":[{"href":"https:\/\/www.atommak.com\/index.php\/wp-json\/wp\/v2\/media?parent=1793"}],"curies":[{"name":"wp","href":"https:\/\/api.w.org\/{rel}","templated":true}]}}